{"id":702,"date":"2025-09-24T23:39:31","date_gmt":"2025-09-24T21:39:31","guid":{"rendered":"https:\/\/egm.ibpc.fr\/?page_id=702"},"modified":"2025-09-30T15:03:16","modified_gmt":"2025-09-30T13:03:16","slug":"rna-control-of-gene-expression","status":"publish","type":"page","link":"https:\/\/egm.ibpc.fr\/?page_id=702","title":{"rendered":"Publications"},"content":{"rendered":"\n<hr class=\"wp-block-separator has-alpha-channel-opacity is-style-dots\"\/>\n\n\n\n<p class=\"has-black-color has-text-color has-link-color wp-elements-79b4c5c3305a1dd57983866a18d41f47\"><em><div id=\"res_script\"><p class=\"Rubrique\">Journal articles<\/p><p class=\"SousRubrique\">2025<\/p><dl class=\"NoticeRes\"><dd class=\"ValeurRes ref_biblio\">Maxence Lejars, Tomoya Maeda, Maude Guillier. EASY-edit: a toolbox for high-throughput single-step custom genetic editing in bacteria. <i>Nucleic Acids Research<\/i>, 2025, 53 (17), <a target=\"_blank\" href=\"https:\/\/dx.doi.org\/10.1093\/nar\/gkaf883\">&#x27E8;10.1093\/nar\/gkaf883&#x27E9;<\/a>. <a target=\"_blank\" href=\"https:\/\/hal.science\/hal-05293989v1\">&#x27E8;hal-05293989&#x27E9;<\/a> <a href=\"https:\/\/hal.science\/hal-05293989\/file\/Lejars-Guillier_EASY-edit_NAR%2725.pdf\" target=\"_blank\"><img decoding=\"async\" style=\"width:11px; height:11px;\" alt=\"PDF\" src=\"https:\/\/egm.ibpc.fr\/wp-content\/plugins\/mon-laboratoire\/Frontend\/images\/Haltools_pdf.png\" title=\"https:\/\/hal.science\/hal-05293989\/file\/Lejars-Guillier_EASY-edit_NAR%2725.pdf\" border=\"0\"><\/a><\/dd><\/dl><p class=\"SousRubrique\">2024<\/p><dl class=\"NoticeRes\"><dd class=\"ValeurRes ref_biblio\">Eugenio Solchaga Flores, Jonathan Jagodnik, Fanny Quenette, Alexey Korepanov, Maude Guillier. Control of iron acquisition by multiple small RNAs unravels a new role for transcriptional terminator loops in gene regulation. <i>Nucleic Acids Research<\/i>, 2024, 52 (22), pp.13775-13791. <a target=\"_blank\" href=\"https:\/\/dx.doi.org\/10.1093\/nar\/gkae1131\">&#x27E8;10.1093\/nar\/gkae1131&#x27E9;<\/a>. <a target=\"_blank\" href=\"https:\/\/hal.science\/hal-05393601v1\">&#x27E8;hal-05393601&#x27E9;<\/a> <a href=\"https:\/\/hal.science\/hal-05393601\/file\/Solchaga%20Flores-Jagodnik-Guillier_FepA%20sRNAs_NAR%2724.pdf\" target=\"_blank\"><img decoding=\"async\" style=\"width:11px; height:11px;\" alt=\"PDF\" src=\"https:\/\/egm.ibpc.fr\/wp-content\/plugins\/mon-laboratoire\/Frontend\/images\/Haltools_pdf.png\" title=\"https:\/\/hal.science\/hal-05393601\/file\/Solchaga%20Flores-Jagodnik-Guillier_FepA%20sRNAs_NAR%2724.pdf\" border=\"0\"><\/a><\/dd><\/dl><dl class=\"NoticeRes\"><dd class=\"ValeurRes ref_biblio\">A.-S. V\u00e9zina B\u00e9dard, A. Michaud, F. Quenette, N. Singh, F. de Lemos Martins, et al.. Regulation of magnesium ion transport in Escherichia coli : insights into the role of the 5\u2019 upstream region in corA expression. <i>RNA Biology<\/i>, 2024, 21 (1), pp.1171-1183. <a target=\"_blank\" href=\"https:\/\/dx.doi.org\/10.1080\/15476286.2024.2421665\">&#x27E8;10.1080\/15476286.2024.2421665&#x27E9;<\/a>. <a target=\"_blank\" href=\"https:\/\/hal.science\/hal-05393594v1\">&#x27E8;hal-05393594&#x27E9;<\/a> <a href=\"https:\/\/hal.science\/hal-05393594\/file\/Vezina-Bedard_Lafontaine_corA%20Mg_RNAB%2724.pdf\" target=\"_blank\"><img decoding=\"async\" style=\"width:11px; height:11px;\" alt=\"PDF\" src=\"https:\/\/egm.ibpc.fr\/wp-content\/plugins\/mon-laboratoire\/Frontend\/images\/Haltools_pdf.png\" title=\"https:\/\/hal.science\/hal-05393594\/file\/Vezina-Bedard_Lafontaine_corA%20Mg_RNAB%2724.pdf\" border=\"0\"><\/a><\/dd><\/dl><dl class=\"NoticeRes\"><dd class=\"ValeurRes ref_biblio\">Jonathan Jagodnik, Fabien Darfeuille, Maude Guillier. Disentangling the pseudoknots of toxin translation. <i>Proceedings of the National Academy of Sciences of the United States of America<\/i>, 2024, 121 (31), <a target=\"_blank\" href=\"https:\/\/dx.doi.org\/10.1073\/pnas.24115911211of3\">&#x27E8;10.1073\/pnas.24115911211of3&#x27E9;<\/a>. <a target=\"_blank\" href=\"https:\/\/hal.science\/hal-04795031v1\">&#x27E8;hal-04795031&#x27E9;<\/a> <a href=\"https:\/\/hal.science\/hal-04795031\/file\/Jagodnik-Guillier_commentary_PNAS%2724.pdf\" target=\"_blank\"><img decoding=\"async\" style=\"width:11px; height:11px;\" alt=\"PDF\" src=\"https:\/\/egm.ibpc.fr\/wp-content\/plugins\/mon-laboratoire\/Frontend\/images\/Haltools_pdf.png\" title=\"https:\/\/hal.science\/hal-04795031\/file\/Jagodnik-Guillier_commentary_PNAS%2724.pdf\" border=\"0\"><\/a><\/dd><\/dl><dl class=\"NoticeRes\"><dd class=\"ValeurRes ref_biblio\">Laur\u00e8ne Bastet, Alexey P Korepanov, Jonathan Jagodnik, Jonathan Grondin, Anne-Marie Lamontagne, et al.. Riboswitch and small RNAs modulate <i>btuB<\/i> translation initiation in <i>Escherichia coli<\/i> and trigger distinct mRNA regulatory mechanisms. <i>Nucleic Acids Research<\/i>, 2024, 52 (10), pp.5852-5865. <a target=\"_blank\" href=\"https:\/\/dx.doi.org\/10.1093\/nar\/gkae347\">&#x27E8;10.1093\/nar\/gkae347&#x27E9;<\/a>. <a target=\"_blank\" href=\"https:\/\/hal.science\/hal-04795093v1\">&#x27E8;hal-04795093&#x27E9;<\/a> <a href=\"https:\/\/hal.science\/hal-04795093\/file\/Bastet-Lafontaine_btuB%20OmrA_NAR%2724.pdf\" target=\"_blank\"><img decoding=\"async\" style=\"width:11px; height:11px;\" alt=\"PDF\" src=\"https:\/\/egm.ibpc.fr\/wp-content\/plugins\/mon-laboratoire\/Frontend\/images\/Haltools_pdf.png\" title=\"https:\/\/hal.science\/hal-04795093\/file\/Bastet-Lafontaine_btuB%20OmrA_NAR%2724.pdf\" border=\"0\"><\/a><\/dd><\/dl><p class=\"SousRubrique\">2022<\/p><dl class=\"NoticeRes\"><dd class=\"ValeurRes ref_biblio\">Maxence Lejars, Jo\u00ebl Caillet, Eugenio Solchaga-Flores, Maude Guillier, Jacqueline Plumbridge, et al.. Regulatory Interplay between RNase III and Antisense RNAs in E. coli: the Case of AsflhD and FlhD, Component of the Master Regulator of Motility. <i>mBio<\/i>, inPress, <a target=\"_blank\" href=\"https:\/\/dx.doi.org\/10.1128\/mbio.00981-22\">&#x27E8;10.1128\/mbio.00981-22&#x27E9;<\/a>. <a target=\"_blank\" href=\"https:\/\/hal.science\/hal-03798956v2\">&#x27E8;hal-03798956v2&#x27E9;<\/a> <a href=\"https:\/\/hal.science\/hal-03798956\/file\/2022%20mbio.%20Maxence%2000981-22.pdf\" target=\"_blank\"><img decoding=\"async\" style=\"width:11px; height:11px;\" alt=\"PDF\" src=\"https:\/\/egm.ibpc.fr\/wp-content\/plugins\/mon-laboratoire\/Frontend\/images\/Haltools_pdf.png\" title=\"https:\/\/hal.science\/hal-03798956\/file\/2022%20mbio.%20Maxence%2000981-22.pdf\" border=\"0\"><\/a><\/dd><\/dl><dl class=\"NoticeRes\"><dd class=\"ValeurRes ref_biblio\">Ana\u00efs Brosse, Pierre Boudry, Anne Walburger, Axel Magalon, Maude Guillier. Synthesis of the NarP response regulator of nitrate respiration in Escherichia coli is regulated at multiple levels by Hfq and small RNAs. <i>Nucleic Acids Research<\/i>, 2022, 50 (12), pp.6753-6768. <a target=\"_blank\" href=\"https:\/\/dx.doi.org\/10.1093\/nar\/gkac504\">&#x27E8;10.1093\/nar\/gkac504&#x27E9;<\/a>. <a target=\"_blank\" href=\"https:\/\/hal.science\/hal-03748159v1\">&#x27E8;hal-03748159&#x27E9;<\/a> <a href=\"https:\/\/hal.science\/hal-03748159\/file\/Brosse-Guillier_RprA-narP_NAR%2722.pdf\" target=\"_blank\"><img decoding=\"async\" style=\"width:11px; height:11px;\" alt=\"PDF\" src=\"https:\/\/egm.ibpc.fr\/wp-content\/plugins\/mon-laboratoire\/Frontend\/images\/Haltools_pdf.png\" title=\"https:\/\/hal.science\/hal-03748159\/file\/Brosse-Guillier_RprA-narP_NAR%2722.pdf\" border=\"0\"><\/a><\/dd><\/dl><p class=\"SousRubrique\">2021<\/p><dl class=\"NoticeRes\"><dd class=\"ValeurRes ref_biblio\">Sylvain Durand, Maude Guillier. Transcriptional and Post-transcriptional Control of the Nitrate Respiration in Bacteria. <i>Frontiers in Molecular Biosciences<\/i>, 2021, 8, <a target=\"_blank\" href=\"https:\/\/dx.doi.org\/10.3389\/fmolb.2021.667758\">&#x27E8;10.3389\/fmolb.2021.667758&#x27E9;<\/a>. <a target=\"_blank\" href=\"https:\/\/hal.science\/hal-03404399v1\">&#x27E8;hal-03404399&#x27E9;<\/a> <a href=\"https:\/\/hal.science\/hal-03404399\/file\/Durand-Frontiers%20in%20Molecular%20Biosciences-2021.pdf\" target=\"_blank\"><img decoding=\"async\" style=\"width:11px; height:11px;\" alt=\"PDF\" src=\"https:\/\/egm.ibpc.fr\/wp-content\/plugins\/mon-laboratoire\/Frontend\/images\/Haltools_pdf.png\" title=\"https:\/\/hal.science\/hal-03404399\/file\/Durand-Frontiers%20in%20Molecular%20Biosciences-2021.pdf\" border=\"0\"><\/a><\/dd><\/dl><p class=\"SousRubrique\">2020<\/p><dl class=\"NoticeRes\"><dd class=\"ValeurRes ref_biblio\">Maude Guillier, Francis Repoila. RNA and gene control in bacteria. <i>Biochimica et Biophysica Acta - Gene Regulatory Mechanisms <\/i>, 2020, 1863 (9), pp.194602. <a target=\"_blank\" href=\"https:\/\/dx.doi.org\/10.1016\/j.bbagrm.2020.194602\">&#x27E8;10.1016\/j.bbagrm.2020.194602&#x27E9;<\/a>. <a target=\"_blank\" href=\"https:\/\/hal.science\/hal-03006512v1\">&#x27E8;hal-03006512&#x27E9;<\/a> <a href=\"https:\/\/hal.science\/hal-03006512\/file\/BBA%20intro%20final.pdf\" target=\"_blank\"><img decoding=\"async\" style=\"width:11px; height:11px;\" alt=\"PDF\" src=\"https:\/\/egm.ibpc.fr\/wp-content\/plugins\/mon-laboratoire\/Frontend\/images\/Haltools_pdf.png\" title=\"https:\/\/hal.science\/hal-03006512\/file\/BBA%20intro%20final.pdf\" border=\"0\"><\/a><\/dd><\/dl><p class=\"SousRubrique\">2019<\/p><dl class=\"NoticeRes\"><dd class=\"ValeurRes ref_biblio\">Claude Chiaruttini, Maude Guillier. On the role of mRNA secondary structure in bacterial translation. <i>Wiley Interdisciplinary Reviews: RNA<\/i>, 2019, 11, <a target=\"_blank\" href=\"https:\/\/dx.doi.org\/10.1002\/wrna.1579\">&#x27E8;10.1002\/wrna.1579&#x27E9;<\/a>. <a target=\"_blank\" href=\"https:\/\/hal.science\/hal-02383653v1\">&#x27E8;hal-02383653&#x27E9;<\/a> <a href=\"https:\/\/hal.science\/hal-02383653\/file\/WIREs%202019%20article%20revised_final.pdf\" target=\"_blank\"><img decoding=\"async\" style=\"width:11px; height:11px;\" alt=\"PDF\" src=\"https:\/\/egm.ibpc.fr\/wp-content\/plugins\/mon-laboratoire\/Frontend\/images\/Haltools_pdf.png\" title=\"https:\/\/hal.science\/hal-02383653\/file\/WIREs%202019%20article%20revised_final.pdf\" border=\"0\"><\/a><\/dd><\/dl><p class=\"SousRubrique\">2017<\/p><dl class=\"NoticeRes\"><dd class=\"ValeurRes ref_biblio\">Jonathan Jagodnik, Claude Chiaruttini, Maude Guillier. Stem-Loop Structures within mRNA Coding Sequences Activate Translation Initiation and Mediate Control by Small Regulatory RNAs. <i>Molecular Cell<\/i>, 2017, 68 (1), pp.158-170.e3. <a target=\"_blank\" href=\"https:\/\/dx.doi.org\/10.1016\/j.molcel.2017.08.015\">&#x27E8;10.1016\/j.molcel.2017.08.015&#x27E9;<\/a>. <a target=\"_blank\" href=\"https:\/\/hal.science\/hal-02321962v1\">&#x27E8;hal-02321962&#x27E9;<\/a> <a href=\"https:\/\/hal.science\/hal-02321962\/file\/Article%20publie%CC%81%20Mol.%20Cell.pdf\" target=\"_blank\"><img decoding=\"async\" style=\"width:11px; height:11px;\" alt=\"PDF\" src=\"https:\/\/egm.ibpc.fr\/wp-content\/plugins\/mon-laboratoire\/Frontend\/images\/Haltools_pdf.png\" title=\"https:\/\/hal.science\/hal-02321962\/file\/Article%20publie%CC%81%20Mol.%20Cell.pdf\" border=\"0\"><\/a><\/dd><\/dl><p class=\"SousRubrique\">2010<\/p><dl class=\"NoticeRes\"><dd class=\"ValeurRes ref_biblio\">Audrey Coornaert, Alisa Lu, Pierre Mandin, Mathias Springer, Susan Gottesman, et al.. MicA sRNA links the PhoP regulon to cell envelope stress. <i>Molecular Microbiology<\/i>, 2010, 76 (2), pp.467. <a target=\"_blank\" href=\"https:\/\/dx.doi.org\/10.1111\/j.1365-2958.2010.07115.x\">&#x27E8;10.1111\/j.1365-2958.2010.07115.x&#x27E9;<\/a>. <a target=\"_blank\" href=\"https:\/\/hal.science\/hal-00552628v1\">&#x27E8;hal-00552628&#x27E9;<\/a> <a href=\"https:\/\/hal.science\/hal-00552628\/file\/PEER_stage2_10.1111%252Fj.1365-2958.2010.07115.x.pdf\" target=\"_blank\"><img decoding=\"async\" style=\"width:11px; height:11px;\" alt=\"PDF\" src=\"https:\/\/egm.ibpc.fr\/wp-content\/plugins\/mon-laboratoire\/Frontend\/images\/Haltools_pdf.png\" title=\"https:\/\/hal.science\/hal-00552628\/file\/PEER_stage2_10.1111%252Fj.1365-2958.2010.07115.x.pdf\" border=\"0\"><\/a><\/dd><\/dl><p class=\"SousRubrique\">2005<\/p><dl class=\"NoticeRes\"><dd class=\"ValeurRes ref_biblio\">Maude Guillier, Fr\u00e9d\u00e9ric Allemand, Fr\u00e9d\u00e9ric Dardel, Catherine A Royer, Mathias Springer, et al.. Double molecular mimicry in Escherichia coli: binding of ribosomal protein L20 to its two sites in mRNA is similar to its binding to 23S rRNA.. <i>Molecular Microbiology<\/i>, 2005, 56 (6), pp.1441-56. <a target=\"_blank\" href=\"https:\/\/dx.doi.org\/10.1111\/j.1365-2958.2005.04644.x\">&#x27E8;10.1111\/j.1365-2958.2005.04644.x&#x27E9;<\/a>. <a target=\"_blank\" href=\"https:\/\/hal.science\/hal-00219762v1\">&#x27E8;hal-00219762&#x27E9;<\/a><\/dd><\/dl><p class=\"SousRubrique\">2003<\/p><dl class=\"NoticeRes\"><dd class=\"ValeurRes ref_biblio\">Sophie Raibaud, Patrice Vachette, Maude Guillier, Fr\u00e9d\u00e9ric Allemand, Claude Chiaruttini, et al.. How bacterial ribosomal protein L20 assembles with 23 S ribosomal RNA and its own messenger RNA.. <i>Journal of Biological Chemistry<\/i>, 2003, 278 (38), pp.36522-30. <a target=\"_blank\" href=\"https:\/\/dx.doi.org\/10.1074\/jbc.M304717200\">&#x27E8;10.1074\/jbc.M304717200&#x27E9;<\/a>. <a target=\"_blank\" href=\"https:\/\/hal.science\/hal-00219758v1\">&#x27E8;hal-00219758&#x27E9;<\/a> <a href=\"https:\/\/hal.science\/hal-00219758\/file\/RevisedMs.pdf\" target=\"_blank\"><img decoding=\"async\" style=\"width:11px; height:11px;\" alt=\"PDF\" src=\"https:\/\/egm.ibpc.fr\/wp-content\/plugins\/mon-laboratoire\/Frontend\/images\/Haltools_pdf.png\" title=\"https:\/\/hal.science\/hal-00219758\/file\/RevisedMs.pdf\" border=\"0\"><\/a><\/dd><\/dl><\/div><\/em><\/p>\n\n\n\n<p class=\"has-black-color has-text-color has-link-color wp-elements-9ac00cf961d1ea846fe5a532228b76c6\"><\/p>\n\n\n\n<p class=\"has-black-color has-text-color has-link-color wp-elements-9ac00cf961d1ea846fe5a532228b76c6\"><\/p>\n\n\n\n<p><\/p>\n","protected":false},"excerpt":{"rendered":"","protected":false},"author":1,"featured_media":0,"parent":38,"menu_order":0,"comment_status":"closed","ping_status":"closed","template":"","meta":{"ocean_post_layout":"","ocean_both_sidebars_style":"","ocean_both_sidebars_content_width":0,"ocean_both_sidebars_sidebars_width":0,"ocean_sidebar":"","ocean_second_sidebar":"","ocean_disable_margins":"enable","ocean_add_body_class":"","ocean_shortcode_before_top_bar":"","ocean_shortcode_after_top_bar":"","ocean_shortcode_before_header":"","ocean_shortcode_after_header":"","ocean_has_shortcode":"","ocean_shortcode_after_title":"","ocean_shortcode_before_footer_widgets":"","ocean_shortcode_after_footer_widgets":"","ocean_shortcode_before_footer_bottom":"","ocean_shortcode_after_footer_bottom":"","ocean_display_top_bar":"default","ocean_display_header":"off","ocean_header_style":"","ocean_center_header_left_menu":"","ocean_custom_header_template":"","ocean_custom_logo":0,"ocean_custom_retina_logo":0,"ocean_custom_logo_max_width":0,"ocean_custom_logo_tablet_max_width":0,"ocean_custom_logo_mobile_max_width":0,"ocean_custom_logo_max_height":0,"ocean_custom_logo_tablet_max_height":0,"ocean_custom_logo_mobile_max_height":0,"ocean_header_custom_menu":"","ocean_menu_typo_font_family":"","ocean_menu_typo_font_subset":"","ocean_menu_typo_font_size":0,"ocean_menu_typo_font_size_tablet":0,"ocean_menu_typo_font_size_mobile":0,"ocean_menu_typo_font_size_unit":"px","ocean_menu_typo_font_weight":"","ocean_menu_typo_font_weight_tablet":"","ocean_menu_typo_font_weight_mobile":"","ocean_menu_typo_transform":"","ocean_menu_typo_transform_tablet":"","ocean_menu_typo_transform_mobile":"","ocean_menu_typo_line_height":0,"ocean_menu_typo_line_height_tablet":0,"ocean_menu_typo_line_height_mobile":0,"ocean_menu_typo_line_height_unit":"","ocean_menu_typo_spacing":0,"ocean_menu_typo_spacing_tablet":0,"ocean_menu_typo_spacing_mobile":0,"ocean_menu_typo_spacing_unit":"","ocean_menu_link_color":"","ocean_menu_link_color_hover":"","ocean_menu_link_color_active":"","ocean_menu_link_background":"","ocean_menu_link_hover_background":"","ocean_menu_link_active_background":"","ocean_menu_social_links_bg":"","ocean_menu_social_hover_links_bg":"","ocean_menu_social_links_color":"","ocean_menu_social_hover_links_color":"","ocean_disable_title":"default","ocean_disable_heading":"default","ocean_post_title":"","ocean_post_subheading":"RNA control of gene expression","ocean_post_title_style":"background-image","ocean_post_title_background_color":"","ocean_post_title_background":664,"ocean_post_title_bg_image_position":"","ocean_post_title_bg_image_attachment":"","ocean_post_title_bg_image_repeat":"","ocean_post_title_bg_image_size":"","ocean_post_title_height":200,"ocean_post_title_bg_overlay":0.5,"ocean_post_title_bg_overlay_color":"","ocean_disable_breadcrumbs":"default","ocean_breadcrumbs_color":"","ocean_breadcrumbs_separator_color":"","ocean_breadcrumbs_links_color":"","ocean_breadcrumbs_links_hover_color":"","ocean_display_footer_widgets":"default","ocean_display_footer_bottom":"default","ocean_custom_footer_template":"","footnotes":""},"class_list":["post-702","page","type-page","status-publish","hentry","entry"],"_links":{"self":[{"href":"https:\/\/egm.ibpc.fr\/index.php?rest_route=\/wp\/v2\/pages\/702","targetHints":{"allow":["GET"]}}],"collection":[{"href":"https:\/\/egm.ibpc.fr\/index.php?rest_route=\/wp\/v2\/pages"}],"about":[{"href":"https:\/\/egm.ibpc.fr\/index.php?rest_route=\/wp\/v2\/types\/page"}],"author":[{"embeddable":true,"href":"https:\/\/egm.ibpc.fr\/index.php?rest_route=\/wp\/v2\/users\/1"}],"replies":[{"embeddable":true,"href":"https:\/\/egm.ibpc.fr\/index.php?rest_route=%2Fwp%2Fv2%2Fcomments&post=702"}],"version-history":[{"count":10,"href":"https:\/\/egm.ibpc.fr\/index.php?rest_route=\/wp\/v2\/pages\/702\/revisions"}],"predecessor-version":[{"id":1139,"href":"https:\/\/egm.ibpc.fr\/index.php?rest_route=\/wp\/v2\/pages\/702\/revisions\/1139"}],"up":[{"embeddable":true,"href":"https:\/\/egm.ibpc.fr\/index.php?rest_route=\/wp\/v2\/pages\/38"}],"wp:attachment":[{"href":"https:\/\/egm.ibpc.fr\/index.php?rest_route=%2Fwp%2Fv2%2Fmedia&parent=702"}],"curies":[{"name":"wp","href":"https:\/\/api.w.org\/{rel}","templated":true}]}}